 Let x be v + 2 + -6 + 6. What is the highest common factor of 287 and x?
41
Let a = -2371 + 2437. Let u(o) = 5*o - 1. Let c be u(5). Let w be c/((-9)/(-3)) + -2. Calculate the highest common divisor of w and a.
6
Let q = 2287 - -8681. What is the highest common divisor of q and 24?
24
Suppose 7*h - p - 45 = 3*h, -h - 2*p + 18 = 0. Let u(j) = 85*j**3 + j**2 - j + 1. Let r be u(1). Let s = -50 + r. What is the highest common divisor of h and s?
12
Suppose -29*j + 24425 = 181. What is the greatest common divisor of j and 99?
11
Suppose -18*c + 67088 - 18308 = 0. What is the highest common divisor of c and 10?
10
Suppose -24 = -3*l - b, -3272*l + 3269*l + 24 = 3*b. Let y = 748 + -396. What is the highest common divisor of y and l?
8
Let g(o) = 29*o**2 - 243*o - 48. Let h be g(17). Calculate the highest common divisor of h and 66.
22
Let o be ((2*-6)/(-3))/(3/(-3)). Let q be o*3/9 - 2/(-6). Let p(r) = -38*r + 2. Let x be p(q). What is the greatest common factor of 80 and x?
40
Let x be 5*(-32)/(-640) - (-558)/8. Suppose -b + v = -5*b + 166, 2 = -v. Calculate the greatest common divisor of b and x.
14
Let t be ((-10)/(-3))/((-4)/(-72)). Let m = -60 + t. Let h be (-5430)/(-135) + 4/(-18) + m. Calculate the greatest common factor of h and 5.
5
Let m be ((-6)/(-8))/(7 + (-3580)/512). Let c = -99 + m. Let t be (-1370)/(-90) - 4/18 - c. Calculate the highest common factor of 9 and t.
9
Suppose 4*p = 4*l - 4636, -5*p - 4643 = 1439*l - 1443*l. What is the greatest common divisor of l and 128?
128
Let m be 4/((-24)/106)*3. Let h = -54 - m. Let j be ((h - -5)/((-8)/12))/(-1). What is the highest common factor of j and 2?
2
Let v(t) = 7*t**3 + 10*t**2 - t + 29. Let k be v(13). Calculate the greatest common factor of k and 85.
85
Suppose -2*w + w = -5*r + 114, 0 = 3*w - r + 300. Let k = 0 - w. Suppose -8*a = -k - 221. Calculate the highest common factor of 5 and a.
5
Let z(i) = -1732*i - 5187. Let r be z(-3). What is the greatest common factor of r and 98?
1
Let d(a) = a**3 + 70*a**2 - 9*a - 15. Let y be d(-70). What is the highest common factor of y and 450?
15
Suppose -x + 12 = -r, 4 = 2*x + 3*r - 0. Suppose -4*d - 93 = -35*d. Suppose -j = 4*g - d, -3*j - 3 - x = 2*g. Calculate the greatest common factor of 16 and g.
2
Let y be (-357)/(-9) + (-14)/21. Let a(p) = -p**2 + 15*p - 35. Let j be a(12). Suppose 0 = 5*q - j - 64. Calculate the greatest common divisor of q and y.
13
Let k(z) = -8*z**2 + 390*z + 106. Let b be k(49). Let v = 49 + -17. What is the highest common divisor of v and b?
8
Let k = 538 - 538. Suppose k = -9*m + 130 - 76. What is the highest common divisor of 5 and m?
1
Suppose -4*d + 3*d + 5 = 0. Let y be 1*219 + -4 + d. Let h(w) = -w**2 + 7*w + 164. Let i be h(16). Calculate the greatest common factor of i and y.
20
Let w(c) = 866*c - 748. Let s be w(2). What is the greatest common factor of 24 and s?
24
Let t be (-23 - -23) + -1 + 250. Let v = -126 - -42. Let a = v + t. What is the greatest common factor of a and 15?
15
Suppose 2*b - 1013 = -1003. Suppose 2*a + 3*a + b*w = 260, 3*a - 160 = -2*w. Calculate the highest common divisor of 392 and a.
56
Let w(j) = j**3 - 121*j**2 + 13*j - 1562. Let t be w(121). Calculate the greatest common factor of t and 2079.
11
Let z = 5725 + -5689. What is the highest common factor of 1524 and z?
12
Let z(t) be the second derivative of 5*t**4/12 + t**3/3 - 2*t**2 + 8*t. Let g be z(4). Suppose 4*o = 620 + g. What is the greatest common divisor of o and 16?
16
Suppose 0 = -n - 4*j + 48, -j - 56 = -5*n + 121. Suppose 7*i + 3*i = 240. What is the greatest common factor of n and i?
12
Let w be (-2)/(-6) - 212/(-3). Let s = w + -66. Let r be (-1 + 1104/(-30))/((-1)/s). What is the highest common divisor of r and 21?
21
Suppose 2*j + 30 = 5*j. Suppose 3*a = 2*a - 1. Let m be (4*a/3)/((-4)/150). What is the highest common divisor of j and m?
10
Suppose -63*s + 69*s - 16405 = -187*s. Calculate the greatest common factor of 7803 and s.
17
Suppose 4 = p, 4*q + 8 = 2*p + 12. What is the greatest common factor of 705 and q?
3
Let n be (-220)/33*9/(-2). Let r be (-20)/n - (-11)/3. Let s be ((-3)/9)/((-2)/6). Calculate the highest common factor of r and s.
1
Suppose -32*j - g = -37*j + 1897, -4*g = 3*j - 1152. Calculate the highest common divisor of j and 220.
20
Suppose 3*q = 5*s - 868 - 1292, 4*s = 3*q + 2157. Let v = q + 913. Calculate the greatest common divisor of 88 and v.
22
Let k(m) = 748*m + 87598. Let j be k(-117). Suppose q + q = 902. What is the highest common factor of q and j?
41
Let h = -76 - -160. Suppose 45 = 5*a, -22*w = -23*w - 4*a + 64. Calculate the highest common factor of w and h.
28
Let b = -2 - 0. Let l be (-32)/(-18) + b/(-9) - -2. Suppose -l*q + 31 + 113 = 0. Calculate the greatest common factor of 12 and q.
12
Suppose 0 = 16*b - 5608 - 7320. What is the highest common factor of 101 and b?
101
Suppose 284*k + 3271840 = 364*k. Calculate the highest common divisor of k and 338.
338
Let m(g) = -g**2 - 156*g - 4226. Let y be m(-36). What is the greatest common factor of 47 and y?
47
Let v be (-77)/22 + 7*(-149)/(-2). Calculate the greatest common divisor of v and 592.
74
Let o(z) = -z**3 - 3*z**2 - 2*z + 4. Let m be o(-2). Suppose -v - b = -158, 6*v - 656 = 2*v + m*b. Calculate the highest common divisor of v and 23.
23
Let p(l) = l**2 - 21*l - 41. Let y be p(23). Suppose -245 = -5*t + t - y*x, 0 = -2*x + 2. Calculate the greatest common divisor of t and 30.
30
Suppose 3*d - 6 + 1 = a, 0 = -4*a + 16. Suppose 46 - 97 = -d*w. Let h be (17*1)/(4/12). Calculate the greatest common factor of h and w.
17
Let t(d) = -5*d**3 + 223*d**2 - 133*d - 17. Let g be t(43). What is the greatest common divisor of 64 and g?
32
Let j be 7/(63/(-4710))*132/(-110). What is the greatest common factor of j and 3611?
157
Let n be (-33)/(-12) - 28449/(-436). What is the greatest common divisor of n and 4828?
68
Let t be (18 + 528/(-16))*-1484. Calculate the greatest common divisor of t and 42.
42
Let f = 435 - 424. Suppose c + 2*r - 8 = 0, 0*r = 5*r - 25. Let i be -22*c*2/4. Calculate the greatest common divisor of i and f.
11
Let v = 503 + -353. Let f = 330 - v. Calculate the highest common divisor of 40 and f.
20
Let u be (572/110)/(-13) + (0 - (-24)/10). Calculate the greatest common factor of 757 and u.
1
Let z(b) = 125*b**2 - 493*b - 6. Let n be z(4). Calculate the greatest common factor of 29194 and n.
22
Suppose 0 = -b - 6, 24*c - 21*c = -3*b + 27. What is the greatest common factor of 3165 and c?
15
Let t = 383 - 203. Suppose 29*c - 15*c - 178 = 102. Calculate the highest common divisor of t and c.
20
Suppose -10*z + 204 + 368 = z. Calculate the greatest common divisor of z and 169.
13
Suppose 11*k - 31*k = -380. Suppose -z - 11*y + 14*y + 241 = 0, z + 4*y - 255 = 0. What is the highest common divisor of k and z?
19
Let g(i) = i**2 - 44*i + 387. Let c be g(11). Calculate the greatest common divisor of 972 and c.
12
Let d = 1 - 1. Let q be (-173 - -2)*18/54. Let i = d - q. Calculate the greatest common divisor of i and 76.
19
Let q(v) = 46*v - 2622. Let j be q(100). Calculate the highest common factor of 602 and j.
86
Let i = 221 - 205. Suppose -a + 156 = 2*b - 140, 0 = -4*a - i. What is the greatest common factor of b and 30?
30
Suppose 4*q = 2*k + 6086, 1156 + 363 = q - k. What is the greatest common factor of 48 and q?
12
Let j = -4074 - -4354. Calculate the greatest common divisor of j and 1624.
56
Let h be (-100 - 0)/((-90)/108). Calculate the greatest common divisor of 6840 and h.
120
Let v(r) = r**2 + 19*r + 343. Let y be v(-31). What is the greatest common factor of 13 and y?
13
Let o = 58260 - 30093. Calculate the highest common factor of 123 and o.
123
Let p(f) = 2*f**2 - 110*f + 563. Let k be p(5). Suppose 1 = -y + 5. Suppose -y*g + 52 = 16. What is the greatest common factor of g and k?
9
Let w = -647 + 4732. Calculate the greatest common factor of 95 and w.
95
Suppose -639 = -66*h + 57*h. Suppose 0 = 10*m - h - 109. What is the highest common factor of 126 and m?
18
Suppose -53*z + 49*z + 84 = 0. Suppose 4*x - 7 = 3*x. Let l be 13/(39/(-54))*x/(-2). What is the greatest common divisor of z and l?
21
Let d be (3 - -18)*2/(-6). Let o be (-9)/(d - -4) - 31. Let i be (-8)/o + (-304)/(-14). Calculate the 